 23 + -13 + -2 + 5 + 6
9
Evaluate 40 - ((119 - 13) + -55).
-11
What is the value of -14 + (-56 - (13 + (-16 - -14))) + 16?
-65
(-74 - (-146 - -53)) + -17
2
(12 - 1) + 51 + (-9 - (-37 - -63))
27
Evaluate 35 - (9 + -13 - -141) - 10.
-112
1 + 0 + 0 - (16 + -19 - -13)
-9
Calculate (6 - -42) + (1 - (10 - 15)).
54
Calculate 21 - 101 - (-11 + (6 - (12 - 6))).
-69
Evaluate 10 - ((-48 - -80) + -10 - 129).
117
What is 33 - (-28 - 12 - -104)?
-31
Evaluate -17 - (-45 + (8 - 6) + -8).
34
What is the value of (-13 - (-8 - -12) - (-27 - -21)) + -9?
-20
What is the value of 22 + 2 + 0 + (31 - (18 - 3)) + -12?
28
What is the value of (-72 - (-136 - -64)) + (8 - 104)?
-96
Evaluate 3 + (0 - -2 - (-45 + (34 - 14))).
30
Evaluate 21 - -26 - (-24 + 68) - (-8 - (0 + -1)).
10
(-34 - -21) + 16 + 35 + -4 + 5
39
Evaluate -5 - (2 - (29 - (-11 - 6))).
39
Calculate -9 + -31 + 20 + -8 + 27.
-1
Calculate 63 + -69 + 7 - -23.
24
What is 36 + 1 + (-1 - (11 - 9))?
34
Calculate (-22 - 2) + -55 + 41 + -13 + -15.
-66
Evaluate (43 + 6 - -52) + -1 + -14 + 12 + -24.
74
Evaluate 18 + (-30 - (-18 + 5 + -9)).
10
Calculate -1 + 85 + -122 + -11 + (1 - -1 - 2).
-49
Calculate -11554 + 11614 + (-85 - 0).
-25
What is the value of ((-2 - 1) + -8 + 2 - -2) + (139 - 175)?
-43
What is 63 + (-66 - 85) + 50?
-38
What is the value of -63 + (79 - 176) - -81?
-79
What is 2746 + -2726 + 0 + -26?
-6
What is the value of -5 - (-27 + -6 + -9 + 4)?
33
858 - 861 - (0 - -66)
-69
Evaluate -53 + (-1 + -21 - -69).
-6
Calculate -20 - (-31 + 50 + -31 - (-10 + -3)).
-21
What is the value of (12 - 86) + 115 - (-1 + 10)?
32
Evaluate 99 - (28 - (12 - (51 - 28))).
60
What is the value of 19 + -19 + 19 - (-5 - 17)?
41
What is 1 + -15 - ((-137 - -22) + 3 + 24)?
74
What is -3 + -4 + (25 - (-15 + -18))?
51
(-1267 - -1255 - (3 + 1)) + 104 + -3
85
Calculate -632 + 621 - (0 + -8 + (-8 - -5)).
0
What is 61 + -138 - (-3 + -32)?
-42
Calculate (-21 - (-45 - -36)) + 7 + -4 - 48.
-57
Calculate (-37 - (-79 + -45)) + -187.
-100
Evaluate (-15 - (-8 + (4 - -3))) + (42 - 58).
-30
-1 - ((-17 - 10 - 6) + 0)
32
What is (6 - -12) + (40 - 13) + (24 - -33)?
102
1 + -3 + 41 + -58 + 24 + -78
-73
What is the value of 0 + (-9 - -12) - (0 + 10 - (-97 + 105))?
1
13 + -3 + -105 + 108 - 24
-11
Calculate -14 - (18 + 5 + -21) - 74.
-90
Evaluate 3 + 4 + (-7 - (3 + -4) - (-56 + 0)).
57
Calculate -24 - (3 + -7 - (-25 - -23)) - 106.
-128
Calculate 0 + (-8 - (-7 + 9 + -10)) + -6.
-6
What is the value of -382 + 433 + 6 + -20?
37
Evaluate -9 - (13 + 4 - 19) - -50.
43
What is (-1 - -36) + (989 - 977)?
47
Calculate -156 + (262 - 116) + (54 - (2 + -1)).
43
What is (0 - (1 + -1)) + 3 + -7 + (-143 - -111)?
-36
What is the value of (-65 - (17 + -54)) + 58?
30
Evaluate 25 - (29 - -9) - (0 - -4) - 99.
-116
What is -2 + 2 - -5 - (-40 - -4)?
41
What is -6 - (-33 - (-47 - (-40 - -46)))?
-26
Calculate 4 + 28 - 46 - (-2 - -20).
-32
Evaluate (-11 - -9) + -998 + 1054.
54
12 + -1 + -3 - (4617 + -4633)
24
-1 - 6 - -4 - (-689 - -698)
-12
Calculate (-10 - 28 - -23) + 19 - -11.
15
What is 129 + (-360 - (-12 - 115))?
-104
Evaluate 10831 + -10832 - (91 + 1).
-93
What is the value of -168 + 50 - (59 + -32 + 13 + -18)?
-140
Evaluate -1 + (10 - 4) - (20 - (-9 - (-11 + -9))).
-4
Calculate 12 - ((-175 - -172 - (-2 - -5 - 4)) + -8).
22
-66 + (3 - -1) - 3 - (174 + -179)
-60
17 - (19 - (20 - (-34 + 13)))
39
510 + -502 + (7 - (-3 + 0))
18
Evaluate 143 - (158 + -140) - 7.
118
What is the value of 75 - (-23 - (-54 + -57))?
-13
-26 + 1 + (-17 - -13 - 5 - 2)
-36
What is 1 - -64 - (-8 - (12 + (21 - 51)))?
55
What is the value of -2 - 25 - (-37 - -52) - -6 - (1 + 2)?
-39
What is 1 - (-25 + 6 + 26 + -20)?
14
What is the value of -5347 + 5369 + (-3 - -85)?
104
What is -14 + 42 + (-8 - -11) + -3 + -9 + 21?
40
Calculate 17 - (-16 + 35) - (9 - (-33 + -10)).
-54
Calculate (36 - 4) + -139 - -85.
-22
2 + -11 - (7 - (-39 - (12 + -21 - 4)))
-42
Evaluate -1 - (7 + -1) - (35 - (44 + -15)).
-13
Evaluate -9 + (-44 + -28 - -5).
-76
Evaluate -1 - ((-5 - 17) + 16 + 59) - (2 + 11).
-67
What is the value of 31 + (-7 - -5 - (4 + 0) - (108 - 110))?
27
Calculate -5 + 667 + -668 + (0 - -1 - (0 - -95)).
-100
What is the value of 0 + (1 - 3) + 3 + -10 + (19400 - 19356)?
35
Calculate -12 + (40 - 20) - 10 - 20.
-22
Evaluate 2 - 1 - (-5 + 14 + 0) - 2.
-10
Evaluate (-2707 - -2604) + 1 + 224.
122
What is the value of -146 - -67 - -156 - (-1 + 11)?
67
Evaluate (-83 + 82 - -93) + -11.
81
Calculate 47 - (102 + -96 + 1 + -18 + 1).
57
What is (-16 - -19) + (-6 + -85 - 9) - (-3 - -2)?
-96
What is the value of 187 + -125 + (18 - 161)?
-81
-2260 + 2266 + 2 + (61 - (0 + 0))
69
What is the value of (-11 - 1) + (44 - (-13 - -39))?
6
-36 + 63 + 37 - 28
36
What is the value of (-2 - -4) + (4 - -7) + -55 + 1?
-41
Evaluate (23 - (-21 + 22 - -21)) + -39.
-38
What is the value of (91 + 2 - (86 - 83)) + -2 - (8 + -1)?
81
Evaluate 60 + -25 - (-19 + 25).
29
Calculate (-86 - -39) + (17 - 0) - 0.
-30
Evaluate 6 - ((-480 - -527) + (-8 - 1) + (12 - 1)).
-43
Evaluate (-25 - (-12 - -5)) + -12 - (13 + -6 + 1).
-38
What is the value of -4 + (-38 - -43 - -8 - (1 + 119))?
-111
Evaluate 8 - -5 - (96 + -103).
20
Calculate -55 + ((-8 + 1 - (7 - 12)) + -10 - -3).
-64
What is the value of 25 + (-3 - 20) - -41 - 11 - (0 + 2)?
30
Evaluate -6 - (1 + -1 + 2 - (237 - 49 - 114)).
66
What is -20 + (-69 - -62 - -32)?
5
Calculate -39 - 2 - ((-10 - 19) + 4 - -12).
-28
Evaluate -32 + -3 - 4 - (28 + -22 - 18).
-27
What is the value of 7 + 11 + (-5 - 0 - 1) - (14 - 6)?
4
27 - (11 + (-16 - (-18 - 12)))
2
41 + -1 + (22 - 26 - -17) + -1
52
(92 - 192 - -105) + (1 - 0) + 25
31
0 - 12 - ((-33 - -123) + -95) - 39
-46
-4269 - -4306 - (3 + -2)
36
What is the value of 54 + 2 + (3905 - 3945)?
16
Calculate 27 - (-32 + 63 + 112).
-116
(1 - -1 - -14) + (-1103 - -1071)
-16
Evaluate 10 - ((-8 - -17) + 18) - (21 - 9).
-29
What is (0 + 2 - 5 - -9) + (-225 - -267)?
48
Evaluate -80 - (-313 - (-42 + -88)).
103
What is -1 + (3 - -2 - (23 - (18 + 0))) - 4?
-5
Evaluate 49 - (10 + 20 - 13).
32
What is the value of 6 + 0 + (37 - 31) + -30?
-18
(1 - 18) + ((7 - -5) + 57 + -70 - -5)
-13
What is -82 + -26 + -9 + 65?
-52
Evaluate 10 + (4 - (8 + 1) - -13) + -13.
5
What is -29 - -37 - (0 + 101) - (18 - 34 - -25)?
-102
Calculate (-3 - (-3 + -54)) + 23.
77
Evaluate 113 + -212 + 28 + -33.
-104
(-20 - (-13 + 21 + 4)) + -9
-41
What is (0 - 168) + 24 + -24 + 20 + -1?
-149
What is the value of 17 + -1 + 24 + 26 + -61?
5
What is 0 + -11 + 1 + (251 + -75 - 176)?
-10
-59 - (-55 + (47 - 15)) - -31
-5
What is the value of 43 + -40 - (32 - (4 + -9 - -7) - 4)?
-23
Evaluate -696 + 643 + -5 + -1.
-59
(1 - -1) + (1 - -39) - (-67 + (-10 - -84))
35
Evaluate (2 - 0) + (-239 + 317 - (-2 + 10) - 26).
46
What is -45 - (-25 - -28) - -50?
2
What is -6 + ((9 - 23) + 11 - (6 - (69 + 0)))?
54
What is 148 + -2 + 5 - (4258 + -4222)?
115
Calculate 30 + (-11 + 0 - -1 - (-15 - (-1 + 2))).
36
Evaluate -4 + (-34 - -3) + -29.
-64
Calculate -7 + 3 + (800 - 799).
-3
What is 30 + 173 + -62 + -92?
49
What is -26 - (-1 - -129) - -115?
-39
20 + (-38 - -58 - 31)
9
What is the value of (-908 - -907) + -92 + -9 + 5 + 0?
-97
Evaluate 4 + -1 + 2 - 14 - (681 - 674).
-16
What is the value of 49 - 89 - (1 + -11)?
-30
Evaluate -3 + (-48 - (10 + (1 - (6 - 7)))) + 7.
-56
-22 - (10 + -9 + 4) - -20
-7
Calculate -49 - (-76 + 66) - (8 + -10 + -1 + 4).
-40
Evaluate 10 + (-25 - (-19 + 17 - 7)) - (-19 - 1).
14
What is -4 + (-21 + -9 - 4) - 1?
-39
What is the value of (39 - 6) + (-18 + -2 - 26)?
-13
What is the value of -17 - -20 - 15 - -45 - (-2 - 8)?
43
(1 - -1) + 0 + -13 + (3 - -57) + -7
42
What is 65 - (50 + -1 - (584 + -563))?
37
-79 + 15 + 8 + -13
-69
What is the value of -13 - ((41 - 26 - 20) + (3 - -39))?
-50
What is 0 + 0 + 3 + -9 - ((-15 - -24) + -52)?
37
Evaluate -150 + -3 + 69 + 120.
36
(-1 - 23) + (2 - 40 - -30) - 16
-48
Calculate 36 + 14 + -47 + 10 - (25 - 1).
-11
2 + -4 - -3 - -5 - ((22 - 32) + 2)
14
11 + (-1 - -28) + (-209 - -198)
27
(446 + -277 - 165) + 33 + -1
36
What is 1 + 11 - (-9 - (11 - 28) - 15)?
19
What is the value of 44 + -168 + 51 - (7 + (9 - 2))?
-87
What is (-94 - 0) + -55 + (-64 - -151) + -28?
-90
Calculate 173 - (-3 - -111) - (2 + 3 + (5 - 2)).
57
Calculate -2 + (4 - 2 - -11) - (3 + 12 + -8).
4
Calculate -123 - (10 - (134 + -74